(z). Let a(x) = -129*x + 3093. Let i be a(23). Calculate the highest common divisor of s and i.
18
Let w be 88/(-66)*6/28 - (-270)/63. What is the highest common factor of 16 and w?
4
Let y = -21245 + 34876. What is the greatest common factor of 43 and y?
43
Suppose -27*a = -21*a - 198. Suppose 5*v = -4*o + 50 + a, 20 = -4*v. Let x(q) = -19*q - 17. Let j be x(-8). Calculate the highest common divisor of o and j.
27
Let y(k) = k - 13. Let f be y(-3). Let g be 12/f*-1*76. What is the highest common factor of g and 38?
19
Suppose 7*c - 4*c + 120 = 5*m, -5*m + 120 = -c. Let o be (-3)/((45/318)/5). Let a be 2/9 + o/(-9). What is the highest common factor of m and a?
12
Let y = 356 + -139. What is the greatest common divisor of 28 and y?
7
Let t = -409 - -168. Let j = t - -479. Calculate the highest common divisor of 14 and j.
14
Let a(m) = 49 + m**3 + 5*m**2 - 62 - 32*m + 22*m. Let x be a(-6). Let q(j) = 28*j**2 - 2*j + 2. Let y be q(2). What is the highest common divisor of x and y?
11
Suppose 5*r = 5, -7*q - 3*r = -2*q - 1913. Let w = -242 + q. Calculate the greatest common divisor of 350 and w.
70
Let i(y) = 11*y**2 - 13*y - 28. Let v be i(-9). Suppose 35*w - 7*w = v. What is the highest common divisor of 42 and w?
7
Suppose 10 + 2 = 2*w. Let s be 74/3 - 4/w. Suppose 5*u - 68 = -4*z, -2*z - 69*u + 67*u = -32. What is the highest common factor of z and s?
12
Let k(y) = 5*y**2 + 21*y - 10. Let u be k(-5). Let c be ((-90)/(-4))/((-2)/(-4)). What is the greatest common divisor of u and c?
5
Let h(m) = -9*m + 21*m - 8*m + 19*m + 1. Let i be ((-78)/65)/((-4)/10). Let y be h(i). What is the greatest common divisor of 10 and y?
10
Let p = -34889 + 34893. Let d be (-4)/6 - (-5)/3. Calculate the highest common divisor of p and d.
1
Let i = 232 + -232. Suppose 23*z - 2*z - 798 = i. Calculate the greatest common factor of z and 418.
38
Let u be -20*76/(-8)*85/10. Suppose 0 = 8*q + 463 - u. Calculate the greatest common factor of 54 and q.
18
Let w(n) be the first derivative of n**4/4 + 8*n**3/3 + 9*n**2/2 - 14*n + 41. Let c be w(-5). Calculate the greatest common factor of 12 and c.
4
Suppose 5*y - 370 = -574*i + 571*i, 3*i = 4*y + 406. Calculate the greatest common divisor of 550 and i.
10
Suppose -2*i + 28*i - 4*i = 1540. Let q = -10 + 15. Suppose -5*d = 2*j - 108 + 34, 72 = q*d + j. What is the highest common divisor of i and d?
14
Let d = -2215 - -16506. What is the highest common divisor of 62 and d?
31
Let h(a) = 33*a**3 + 2*a**2 + a. Let m be h(-1). Let n be 24/m - 2/8*1153. Let z = 445 + n. What is the greatest common divisor of 52 and z?
52
Suppose i + 24 = 2*w, 57 = 3*w - 3*i + 30. Calculate the greatest common factor of w and 6.
3
Let v be (13 - (-1 + -1)) + 16 + -13. Let f be v/24 + (-21)/(-4). Let a be ((-84)/10)/(f/(-20)). Calculate the greatest common divisor of 14 and a.
14
Suppose 0 = -36*f + 16*f + 60. Suppose 14 = f*j - 4*d + 4, 2*d - 30 = -2*j. Calculate the highest common factor of 35 and j.
5
Let i(n) = 2*n**2 - 45*n - 114. Let t be i(26). Suppose -4*w + t = -5*k + 27, 0 = -2*w - 5*k + 43. Calculate the greatest common factor of 28 and w.
14
Let w(s) = -s**3 - 245*s**2 - 3879*s + 36. Let q be w(-17). Calculate the highest common factor of 30189 and q.
87
Let i(h) = -3*h**3 - 28*h**2 + 8*h - 278. Let f be i(-14). Calculate the greatest common factor of f and 2.
2
Let i(d) = 6*d**2 - 3*d**2 + 5*d**3 - d**3 - 3*d**3 - 3 - 3*d. Let z be i(-2). Let p be 2 + 42 + -6 + z. What is the greatest common factor of 15 and p?
15
Let s be 32/4 + 20/5 + -4. Suppose -7*p + 4*p = 3*u - 159, -s = 4*p. What is the highest common factor of u and 33?
11
Suppose 5*s - 8*q - 30 = -3*q, 3*q + 21 = 4*s. Suppose -3*g + 9 = 0, 3*t + s*g - 165 = 6. Calculate the greatest common divisor of t and 12.
6
Let b be 735/6*1312/205. What is the greatest common factor of b and 304?
16
Suppose 9*g = 4*g + 50. Let h = 1287 - 896. Let i = -311 + h. Calculate the greatest common divisor of g and i.
10
Let w = 45 - 43. Let z be 0 + w + -1 - 68/(-34). Suppose -3*g = 0, z*u = -g - 2*g + 84. What is the highest common divisor of u and 70?
14
Let f = -1 + 1. Let o be ((-2684)/(-17) - (-32)/272)/2. Suppose 84*y - o*y - 290 = f. Calculate the greatest common divisor of 116 and y.
58
Let l be (-3150)/(-21)*1*4/8. Calculate the greatest common divisor of 17025 and l.
75
Let h(k) = -31*k + 655. Let s be h(21). Calculate the highest common factor of s and 1264.
4
Let r be 14*((-2)/28 + 9/(-21)). Let y = r + 6. Let f be 177 + (y + -2 - -2). What is the greatest common factor of f and 22?
22
Suppose -2*i + 4*i = 8. Suppose -5*j = -3*r + i*r - 5, 3*r - 25 = -5*j. Suppose 3*h = 39 + 51. Calculate the highest common divisor of r and h.
10
Let r = 801 - -141. What is the greatest common factor of 18 and r?
6
Let y = 75494 - 53493. What is the highest common divisor of 147 and y?
49
Let k = -7854 - -20900. Calculate the greatest common divisor of k and 11.
11
Let b = -1114 + 1164. Calculate the greatest common factor of 1870 and b.
10
Suppose -2*s - 2*y + 16 = 0, 0*s + 5*y = 4*s - 32. Let w(q) = -q**3 + 6*q**2 + 247*q + 16. Let c be w(19). What is the highest common divisor of c and s?
8
Let b be (3/15 - 0) + 7133/35. Calculate the highest common divisor of b and 272.
68
Suppose 3*a = -3*l + 291, 0 = 9*a - 11*a + 4*l + 236. Calculate the highest common factor of 2197 and a.
13
Let l(r) = 2*r**2 - 14*r + 9. Suppose 2*j + 4*m - 10 = 16, -2*m + 34 = 4*j. Let z be l(j). Calculate the greatest common divisor of z and 24.
3
Let q(p) = -p**3 - p - 97. Let d be q(0). Let t = d + 106. Let v(x) = x**3 - 10*x**2 + 10*x + 5. Let h be v(t). What is the highest common divisor of h and 7?
7
Suppose -2*j - 22*x + 25*x = -270, -5*x = -4*j + 540. Calculate the highest common divisor of 3330 and j.
45
Suppose -385 = 13276*t - 13283*t. Calculate the highest common factor of t and 5.
5
Let l be (-2859)/12 + 4/16. Let k = l + 249. Calculate the greatest common factor of 869 and k.
11
Let a(r) = 3*r**2 + 10*r + 4. Let s = -35 - -28. Let k be a(s). What is the highest common factor of 9 and k?
9
Suppose 12227*o = 12291*o - 1536. Suppose 0 = -3*b - b + 2400. What is the highest common factor of o and b?
24
Suppose 36*f = 56 + 52. Suppose -3*l = -4*c + 31, 2*l = 4*c - 3*l - 33. Calculate the highest common divisor of c and f.
1
Suppose q = m - 34, -5*m - q + 178 = 2*q. Let y be (2/(-10))/(811/(-121650)). What is the highest common factor of y and m?
5
Let p(t) = -6*t**2 - 102*t + 13. Let s be p(-17). What is the highest common divisor of 7787 and s?
13
Let c be (-21 - -12)*18/(-9) + -3. Let k = -23 - -33. What is the greatest common divisor of k and c?
5
Let y(m) = -2*m**2 - 97*m + 501. Let l be y(-45). What is the highest common factor of l and 264?
24
Let w be (-2 - 0) + (8 - 1). Suppose 0 = h - 0*s - 2*s - 20, -w*s = 2*h - 40. What is the greatest common divisor of 2 and h?
2
Let r = -460 - -131. Let q = 604 + r. Calculate the highest common divisor of q and 22.
11
Let m be -9 + (-7680)/(-12) + 6. Calculate the greatest common factor of m and 39.
13
Let b be (-2)/(-1) - (0 + -331). Suppose -11*w + 148 = -7*w. Calculate the highest common factor of b and w.
37
Suppose -3*w + 51*q + 8 = 47*q, -w = -5*q + 23. Calculate the highest common factor of 16 and w.
4
Let k be (-496)/(-3)*18753/532. What is the highest common factor of 155 and k?
31
Suppose 42*v - 36 = 36*v. Let b be 45 - (-4 + v/(-6)). Let y be ((-30)/(-12))/(1/60). Calculate the highest common factor of y and b.
50
Suppose 27383 + 29574 = 63*m + 5360. Calculate the highest common factor of 42 and m.
21
Suppose q - 4*a - 357 = -89, 2*q + 5*a = 484. Suppose 7*y = -5*y + q. What is the highest common divisor of 14 and y?
7
Suppose 0 = 8*c - 11*c + 6. Suppose -b = -c - 1. Suppose -5*g = -3*a - 69, -b*g + 3*a - 2*a + 43 = 0. What is the greatest common factor of 165 and g?
15
Let z(c) = -7*c**3 - c**2 - c + 1. Let s be z(-1). Suppose -s*l - 34 = -90. What is the highest common divisor of l and 7?
7
Let w(v) = 4*v. Let j be w(1). Suppose -5*g = -5, j*m - g - 236 - 559 = 0. Suppose -m = -8*z + 377. What is the highest common factor of z and 36?
36
Let v be 15/(-3)*1*2/(-5). Suppose 0 = z + 2*z + 2*n - 1073, 3*n = v*z - 711. Calculate the greatest common divisor 